3?
3
What is the hundreds digit of 7174?
1
What is the ten thousands digit of 109551?
0
What is the units digit of 35535?
5
What is the ten thousands digit of 39976?
3
What is the units digit of 844?
4
What is the hundreds digit of 17538?
5
What is the hundreds digit of 158?
1
What is the hundreds digit of 3200?
2
What is the units digit of 45893?
3
What is the tens digit of 140?
4
What is the hundreds digit of 11641?
6
What is the hundreds digit of 884?
8
What is the tens digit of 2001?
0
What is the ten thousands digit of 25661?
2
What is the thousands digit of 35674?
5
What is the tens digit of 21?
2
What is the units digit of 701?
1
What is the units digit of 7801?
1
What is the hundreds digit of 25196?
1
What is the ten thousands digit of 60575?
6
What is the hundreds digit of 525?
5
What is the hundreds digit of 1498?
4
What is the hundreds digit of 77712?
7
What is the hundreds digit of 530?
5
What is the hundreds digit of 2102?
1
What is the thousands digit of 1740?
1
What is the units digit of 489?
9
What is the tens digit of 1304?
0
What is the units digit of 1470?
0
What is the thousands digit of 1991?
1
What is the hundreds digit of 22269?
2
What is the thousands digit of 2299?
2
What is the ten thousands digit of 12484?
1
What is the hundreds digit of 22817?
8
What is the hundreds digit of 944?
9
What is the tens digit of 2845?
4
What is the hundreds digit of 1843?
8
What is the ten thousands digit of 37156?
3
What is the hundreds digit of 5377?
3
What is the ten thousands digit of 98396?
9
What is the thousands digit of 1317?
1
What is the ten thousands digit of 11009?
1
What is the tens digit of 2374?
7
What is the thousands digit of 3560?
3
What is the hundreds digit of 23045?
0
What is the units digit of 368?
8
What is the tens digit of 25089?
8
What is the tens digit of 228?
2
What is the tens digit of 64098?
9
What is the hundreds digit of 1002?
0
What is the tens digit of 857?
5
What is the hundreds digit of 577?
5
What is the hundreds digit of 4444?
4
What is the ten thousands digit of 10466?
1
What is the thousands digit of 13294?
3
What is the units digit of 3246?
6
What is the tens digit of 5984?
8
What is the tens digit of 29511?
1
What is the thousands digit of 13804?
3
What is the thousands digit of 67373?
7
What is the tens digit of 914?
1
What is the units digit of 765?
5
What is the hundreds digit of 145?
1
What is the tens digit of 1880?
8
What is the tens digit of 1359?
5
What is the ten thousands digit of 104134?
0
What is the units digit of 4717?
7
What is the tens digit of 525?
2
What is the thousands digit of 19349?
9
What is the tens digit of 377?
7
What is the hundreds digit of 436?
4
What is the ten thousands digit of 44398?
4
What is the ten thousands digit of 11463?
1
What is the units digit of 15?
5
What is the thousands digit of 45989?
5
What is the units digit of 2869?
9
What is the thousands digit of 70488?
0
What is the tens digit of 9885?
8
What is the thousands digit of 1184?
1
What is the units digit of 3723?
3
What is the tens digit of 1034?
3
What is the thousands digit of 81499?
1
What is the tens digit of 1823?
2
What is the tens digit of 8738?
3
What is the units digit of 42386?
6
What is the tens digit of 249?
4
What is the thousands digit of 23488?
3
What is the units digit of 360?
0
What is the hundreds digit of 1272?
2
What is the hundreds digit of 36320?
3
What is the hundreds digit of 56275?
2
What is the tens digit of 47?
4
What is the tens digit of 5899?
9
What is the hundreds digit of 2904?
9
What is the units digit of 1978?
8
What is the tens digit of 4657?
5
What is the units digit of 8611?
1
What is the tens digit of 5480?
8
What is the units digit of 14760?
0
What is the units digit of 39?
9
What is the hundreds digit of 6913?
9
What is the hundreds digit of 1019?
0
What is the units digit of 423?
3
What is the ten thousands digit of 27813?
2
What is the thousands digit of 6018?
6
What is the tens digit of 4775?
7
What is the hundreds digit of 36016?
0
What is the units digit of 2090?
0
What is the hundreds digit of 928?
9
What is the thousands digit of 9166?
9
What is the units digit of 941?
1
What is the tens digit of 3259?
5
What is the hundreds digit of 3323?
3
What is the thousands digit of 1917?
1
What is the hundreds digit of 488?
4
What is the hundreds digit of 5370?
3
What is the units digit of 28661?
1
What is the thousands digit of 38815?
8
What is the hundreds digit of 276?
2
What is the units digit of 9441?
1
What is the tens digit of 20950?
5
What is the thousands digit of 1065?
1
What is the thousands digit of 177161?
7
What is the thousands digit of 2622?
2
What is the units digit of 681?
1
What is the thousands digit of 13598?
3
What is the tens digit of 15796?
9
What is the hundreds digit of 1331?
3
What is the hundreds digit of 9869?
8
What is the ten thousands digit of 20548?
2
What is the tens digit of 698?
9
What is the tens digit of 26550?
5
What is the thousands digit of 34701?
4
What is the ten thousands digit of 59145?
5
What is the hundreds digit of 450?
4
What is the tens digit of 442?
4
What is the tens digit of 8549?
4
What is the thousands digit of 7187?
7
What is the units digit of 5101?
1
What is the units digit of 10002?
2
What is the units digit of 22645?
5
What is the hundreds digit of 860?
8
What is the hundreds digit of 15001?
0
What is the tens digit of 1134?
3
What is the hundreds digit of 5904?
9
What is the ten thousands digit of 43631?
4
What is the units digit of 12749?
9
What is the units digit of 2870?
0
What is the units digit of 28898?
8
What is the units digit of 474?
4
What is the units digit of 737?
7
What is the tens digit of 23491?
9
What is the units digit of 3473?
3
What is the thousands digit of 7741?
7
What is the units digit of 6293?
3
What is the hundreds digit of 3587?
5
What is the units digit of 1066?
6
What is the hundreds digit of 49709?
7
What is the thousands digit of 1011?
1
What is the thousands digit of 55514?
5
What is the hundreds digit of 8508?
5
What is the units digit of 734?
4
What is the tens digit of 136?
3
What is the thousands digit of 9381?
9
What is the units digit of 1674?
4
What is the units digit of 1730?
0
What is the hundreds digit of 5306?
3
What is the tens digit of 7660?
6
What is the hundreds digit of 1725?
7
What is the ten thousands digit of 35162?
3
What is the tens digit of 4486?
8
What is the units digit of 3025?
5
What is the units digit of 100870?
0
What is the thousands digit of 1482?
1
What is the hundreds digit of 15028?
0
What is the hundreds digit of 50434?
4
What is the hundreds digit of 9896?
8
What is the units digit of 33920?
0
What is the units digit of 67?
7
What is the units digit of 331?
1
What is the tens digit of 20635?
3
What is the tens digit of 40537?
3
What is the hundreds digit of 849?
8
What is the thousands digit of 16600?
6
What is the units digit of 552?
2
What is the tens digit of 16043?
4
What is the tens digit of 52567?
6
What is the hundreds digit of 11411?
4
What is the units digit of 183?
3
What is the thousands digit of 3987?
3
What is the thousands digit of 1312?
1
What is the tens digit of 7859?
5
What is the units digit of 575?
5
What is the thousands digit of 67257?
7
What is the hundreds digit of 41486?
4
What is the ten thousands digit of 136293?
3
What is the thousands digit of 18168?
8
What is the ten thousands digit of 38458?
3
What is the thousands digit of 56529?
6
What is the hundreds digit of 4295?
2
What is the tens digit of 178?
7
What is the tens digit of 1185?
8
What is the hundreds digit of 2132?
1
What is the hundreds digit of 4490?
4
What is the hundreds digit of 29618?
6
What is the hundreds digit of 206?
2
What is the thousands digit of 21926?
1
What is the thousands digit of 5542?
5
What is the hundreds digit of 7491?
4
What is the thousands digit of 13642?
3
What is the units digit of 14956?
6
What is the units digit of 14048?
8
What is the hundreds digit of 128?
1
What is the hundreds digit of 564?
5
What is the hundreds digit of 327?
3
What is the units digit of 27296?
6
What is the units digit of 727?
7
What is the hundreds digit of 2067?
0
What is the thousands digit of 123102?
3
What is the units digit of 3890?
0
What 